-14 - -48. Suppose -24 = -2*f + k. What is the units digit of f?
9
Let p(c) = -7*c + 1. Suppose -4*k - 49 = -3*o, -2 = o - 5. Let v be k/(-15)*3/(-2). What is the units digit of p(v)?
8
Let a = -9 + 13. Suppose 0 = a*z - 6*z + 2*m + 118, 3*m = 3. Suppose z = -l + 6*l. What is the tens digit of l?
1
What is the units digit of ((-32)/3)/(20/(-30))?
6
Let t(k) = k**2 + k - 5. What is the tens digit of t(5)?
2
Let n = -3 + -1. Let i = n + 6. Suppose i + 10 = a. What is the units digit of a?
2
Let q = -23 - -154. What is the tens digit of q?
3
Let n = -8 - -6. What is the tens digit of (-44)/6*3/n?
1
Let d be (16 - -2)*1/3. Suppose -5*m + 2*q = -m - d, -2*q - 6 = 0. Suppose m = v + 2*t - 15, 2*t = -2*t. What is the units digit of v?
5
Let g = -7 + 11. Suppose -g*u + 7 = 3. What is the tens digit of 34/((-1 - -3)/u)?
1
Let t(p) = p - 6. Let m be t(6). Suppose 0 = -5*i + 4*s + 66 + 1, -i + s + 13 = m. What is the units digit of i?
5
Let p = 166 - 147. What is the units digit of p?
9
Let v = 9 + -10. What is the tens digit of v - ((-27 - -1) + 0)?
2
Let d = -1 - -3. Suppose -2*s = m - 56, d*m = -3*s + 42 + 42. What is the tens digit of s?
2
Suppose -4 = -3*j + 2. Suppose j*z = 5 + 15. Suppose z + 10 = 4*v. What is the units digit of v?
5
Suppose -27 = -3*g + 3*x, g + 3*x = x - 6. Suppose -5*n + 12 = -g*u, -u - 4*u = 3*n - 22. Suppose n + 3 = t. What is the units digit of t?
7
Suppose 5*s = -3*y + 40 - 8, -5*y + 5*s = 0. What is the units digit of y?
4
Let r = 107 - -56. What is the tens digit of r?
6
Let m = 381 + -250. What is the hundreds digit of m?
1
Suppose -6 = r - 3. Let f = r + 2. What is the units digit of ((-1)/f)/((-2)/(-6))?
3
Let y be 2*(1 - -1)/2. Suppose -y*l + l + 2 = 0. What is the units digit of l?
2
Let b(o) = -2*o + 1. Let g be b(-5). Suppose g = -4*i + 39. What is the units digit of i?
7
Let y(w) = -w**3 - w**2 - w. Let i(b) = 3*b**3 + 2*b**2. Let v(s) = -i(s) - 2*y(s). Let c be v(2). What is the units digit of c/(-14) - (-5)/7?
1
Suppose -3*z + 36 = -3*p, 4*z + 5*p + 3 = 15. Let j = z - 4. Suppose -5*v + j*a = 11, 0 = -4*v - a + 4 + 4. What is the units digit of v?
1
Let x(s) = s - 2. Let o be x(3). Let h = -3 + 6. Suppose 5*n = 2*j + 14, -n - h*n + 5*j = -o. What is the units digit of n?
4
Suppose 189 + 349 = 2*c. What is the units digit of c?
9
What is the tens digit of ((-14)/4 - 3)*-30?
9
Suppose 5*v - 79 = m, -3*m - 9 = 3. What is the tens digit of v?
1
Let f be 15/(-1)*2/6. Let t(p) = 3*p**2 + 29*p - 12. Let d(o) = o**2 + 10*o - 4. Let i(s) = -17*d(s) + 6*t(s). What is the units digit of i(f)?
1
Suppose -262 = -4*t + k + k, k = t - 67. What is the units digit of t?
4
Let r = 41 - -15. What is the units digit of r?
6
Let a(k) = -3*k**3 - 1 + 6*k**3 + k**2 - 2*k**3. Let z(n) = -2*n**3 - 9*n**2 - 9*n + 6. Let y(j) = -3*a(j) - z(j). What is the tens digit of y(7)?
1
Let o(b) = b**3 - 8*b**2 - b + 8. Suppose -3*f + 0*f - 7 = -2*r, -3*r + 2*f + 18 = 0. Let i be o(r). Suppose 8 = 2*d - i. What is the units digit of d?
4
Suppose -j + 60 = 6*z - z, 0 = -5*j - 3*z + 344. What is the tens digit of j?
7
Let g be 8/12*1*-3. What is the tens digit of 11 + (-3)/(3/g)?
1
Let w = 7 + -5. What is the units digit of w?
2
Suppose 2*l - 4*r = -8, l = 2*l + 5*r - 17. Suppose -4*m = -8*m - 5*g + 46, 2*m + l*g - 24 = 0. What is the tens digit of m?
1
Suppose 0 = 5*m - h - 6, 4*h - 10 = 5*m - h. Suppose k - m = -0*k. What is the units digit of k?
2
Let k(z) = 2*z - 24 + 18*z**2 - z**3 - 17*z**2 + 2*z - 5*z. Let m be k(0). What is the units digit of 2/6 - m/9?
3
Let r(l) be the second derivative of l**4/6 - l**3/6 - l**2/2 + 2*l. What is the units digit of r(-2)?
9
Let v(q) = 11*q**2 + 10. What is the hundreds digit of v(5)?
2
Let c be (-17)/(-3) + (-2)/3. Suppose 4*f = -4*v + 80, f - 100 = -c*v - 3*f. Let w = v - 14. What is the units digit of w?
6
Suppose -5*g = -q + 2*q - 195, -3*g + 2*q + 104 = 0. What is the units digit of g?
8
Let t be (-17)/(-4) + 1/(-4). Suppose 2*c + 2 = -4*h - 0*c, 3*c = t*h - 23. Suppose 2*z = h + 2. What is the units digit of z?
2
Let m(v) = v**2 + 5*v + 1. Let f be m(-4). What is the units digit of (-26)/(-8) + f/12?
3
Suppose 3*k = -4*t + 299, 127 = 2*k - 3*t - 61. Suppose 46 = 6*r - 4*r - 4*y, -5*r + y + k = 0. What is the tens digit of r?
1
Let o(m) be the second derivative of m**4/4 - m**2 - 3*m. Let u(x) = x**3 + x - 1. Let w(h) = o(h) - u(h). What is the units digit of w(2)?
1
What is the units digit of 4 + (-3 + 2)/1?
3
Let a(f) = 10*f**2 + 2*f. What is the hundreds digit of a(4)?
1
Suppose 4*z = -b + 72, 5*z - 5*b = -43 + 108. Suppose z = -3*r + 4*r. What is the units digit of r?
7
Suppose 2*k + 6 + 30 = 0. Let v = 43 + k. What is the tens digit of v?
2
Suppose 0 = -5*x - 0*x + 810. What is the units digit of x?
2
Let p(l) = -5 - 4*l + 4*l - 4*l**2 - l**3. What is the tens digit of p(-5)?
2
Let p(o) = 4*o + 1. What is the units digit of p(2)?
9
Let j be 12*3*(-3)/(-18). Let b(h) = 2*h + h + j*h. What is the units digit of b(1)?
9
Let d be 11/(-4) + 1/(-4). Let i be d/(-3) - 3 - -13. Let f = -7 + i. What is the units digit of f?
4
Let w be (-4)/22 + (-9)/11. Let f be w/(-3) + 28/6. Suppose -7 = 4*m - 2*b - 29, -5*m - f*b + 20 = 0. What is the units digit of m?
5
Let t = 126 + 38. What is the units digit of t?
4
Suppose -3*n + 4*n - 16 = 0. What is the tens digit of n?
1
Suppose -6*y + 3*y = 84. Let r = -16 - y. What is the tens digit of r?
1
Suppose 2*n + 2*n = -4. Let t be 0/(0 + 1/n). Suppose t = 3*f + 5*a - 12 - 27, -4*a - 48 = -2*f. What is the tens digit of f?
1
Let h be (6 + -1)*8/(-10). Let u = -5 - h. What is the units digit of (-3)/(-2)*(5 - u)?
9
Suppose 3*u + 3*k = u + 16, -3*u + 14 = 2*k. Suppose 0 = -h - 1 + u. What is the units digit of h?
1
Let s = 100 + 202. What is the units digit of s?
2
Suppose -9*y + 8*y = -118. What is the hundreds digit of y?
1
Let g(b) = b - 4. Let v be g(3). What is the units digit of 2 - -1 - 1*v?
4
Let m(g) = g**3 - 4*g**2 + 3*g - 6. Let o be m(4). Let c(f) = f**2 - 2. What is the tens digit of c(o)?
3
Let r(s) = s + 1. Let f(y) = -5*y - 4. Let h(b) = 2*f(b) + 9*r(b). What is the units digit of h(-7)?
8
Let u be (5/(-3))/((-1)/(-3)). What is the units digit of u/2*80/(-25)?
8
Let n(d) be the second derivative of 1/12*d**4 - 2*d + 1/2*d**2 + 0 + 1/6*d**3. What is the units digit of n(0)?
1
Suppose -2*z + 4*y = z + 5, -5*y = -5*z. Suppose z = -v + 25. What is the units digit of ((-72)/v)/((-4)/10)?
9
Let d(c) = 2*c + 2. Let n = 8 + -8. Suppose n = b + 5*u - 9, -2*b = u - 1 - 17. What is the tens digit of d(b)?
2
Let w(t) = 13*t**2 + 6*t - 3. What is the units digit of w(3)?
2
Suppose a + a + 1150 = 5*z, 2*z - a = 460. What is the units digit of z?
0
Let i(s) = -s**2 + 9*s + 18. What is the tens digit of i(6)?
3
What is the units digit of 32/64 - (687/(-2) + 0)?
4
Let r(u) = -u**2 + 7*u - 6. Suppose -9 = -4*v + 11. Let o be r(v). Suppose o*w = 28 - 4. What is the units digit of w?
6
Suppose 0*h + 72 = 6*h. What is the tens digit of h?
1
Let u(q) = q**2 - 2*q - 2. Let a be u(3). What is the tens digit of 2 + 6 + (4 - a)?
1
Suppose -2*k - 4*l = -230, 0 = -3*k + l + 246 + 85. What is the tens digit of k?
1
Let y(g) = -2*g + 1. Let o be y(-1). Suppose 0 = -o*c + 5*a - 29, -5*c - 3*a - 38 = -a. Let v(i) = i**3 + 7*i**2 - 8*i + 7. What is the units digit of v(c)?
7
Suppose 4*g = 2*i - 40, i + 3*g = 14 + 6. Suppose 0 = 2*a - 4*a + i. What is the units digit of a?
0
Let c = 9 + -10. What is the tens digit of (c + 23)*6/12?
1
Suppose 0*u + 69 = -4*h - u, -4*u = -2*h - 30. Let b = h - -43. What is the tens digit of b?
2
Suppose -3*r = -3*u + 78, 2 = -3*u + 4*u + 5*r. Suppose g = -5*h + 87 - 19, h - 4*g = u. What is the tens digit of h?
1
Let c = 251 - 167. What is the units digit of c?
4
Suppose -4*o + 24 = -o. Suppose o*g = 12*g - 24. What is the units digit of g?
6
Let m(b) = -b + 4. Let w be m(2). Suppose -5*x + l = -127, 4*l + 92 = 2*x + w*x. What is the tens digit of x?
2
Let c be (-160)/(-25) + 2/(-5). Let j(u) = u**2 - 3*u - 1. What is the units digit of j(c)?
7
Let p = -5 - -8. Suppose 0*a + p = -a. Let h = a + 10. What is the units digit of h?
7
Let m be 55/(-3) - 4/6. What is the tens digit of -2 - m - (4 + -3)?
1
Suppose 1 = j - 3. Suppose 4*h - 15 = h - j*c, 2*h - 10